 + -1053)?
-148
Evaluate 6 - 57 - (10 + -3 - 13) - 5.
-50
Evaluate -8 + 7 + (-2 - (14 + -66)) + (1 - 1).
49
What is 1 + 4 + -3 + 1 + (46 - 18 - 37)?
-6
What is the value of -16 + -4 + 6 - (167 + -202)?
21
What is 62 + (-48 - -88) + -85?
17
Evaluate (17 - (13 - 7)) + -50 + -8.
-47
Evaluate 10 + ((-64 - -84) + -10 - (3 - 45)).
62
What is the value of (-8 - -42) + -12 + -51?
-29
-116 + 42 - -34 - (1 + -2)
-39
What is (8 - (3 + 4)) + (46 - 35)?
12
(4 - 27) + 17 - -10 - -14
18
Evaluate -42 + -4 + 28 + -27.
-45
19 + 77 + -74 + -8
14
Evaluate (-3 - (25 + -13 + 19)) + 13.
-21
What is the value of (-5 - -1 - (-7 - 3)) + 3661 + -3784?
-117
What is (11 - -9) + -29 + 4 + -2 + (-9 - -7)?
-9
What is the value of (-3 - (-26 + 18)) + 0 - (-14 + 3)?
16
What is 71 + (-1 + -12 - (-48 - (24 - 66)))?
64
Calculate -2 - (-1 + -1 + (38 - 81 - 6)).
49
What is the value of -535 - -518 - (10 + 1)?
-28
What is -59 - -2 - (-2816 + 2755)?
4
-4 - -13 - (6 + -3 + 7 - (15 - -7))
21
What is the value of 121 + 1 + 1979 + -2018 + (22 - 2)?
103
-61 + -39 + (55 - -6)
-39
What is -27 - (45 + -174 + -16) - 44?
74
(7 + -4 - 4 - -13 - 5) + -40
-33
Calculate -2138 + 2153 + (0 - 47) + 0.
-32
What is the value of 11 + 3 + (95 - 114 - (2 + (-7 - -2)))?
-2
Evaluate -25 + (82 - 93) - 44.
-80
-8 + 35 + -8 + 26
45
What is the value of (-3 + 1 - 3) + 83 - (329 - 322)?
71
What is the value of -28 + 8 + 1 + -16 + 7 + -11 - 2?
-41
What is the value of 34 + 14 + (-10 + 37 - 39)?
36
Calculate -12 - (13 - 31 - -30) - -10.
-14
What is the value of -6 - -5 - (0 - (-8 + 30))?
21
What is the value of 104 + -126 + 106 - 45?
39
-9 - (-3 + (-1 + 4 - (146 + -153)))
-16
Calculate 6 - (-13 + 7 + 8) - ((3 - -12) + -5).
-6
What is -38 - -31 - (4 + -10 + 1 - 26)?
24
What is the value of -106 + 3 + 86 + 48?
31
(-9 + -8 - -22) + 17 + -8
14
-8 + -6 + -1 + 6 + 9 - (-216 - -148)
68
Evaluate -6 - ((0 - 0 - -8) + -1 + -29 + 72).
-56
What is 11 + 211 + -226 + 2 + 3 - (82 + 0)?
-81
8 + (17 - 12 - 2) + -22 + 83
72
What is the value of -15 + (272 + -277 - (-2 + -1)) + 21?
4
-147 + (-66 - -138) + 149
74
Evaluate (-9 - -43) + (11 - 14) + (2 - -2) + -4.
31
What is 19 + 1 + -3 - ((-112 - -103) + (15 - -4))?
7
What is the value of (16 - (-3 - -4)) + -79 + 40 + -36?
-60
Calculate (-84 - -36) + 21 - -11.
-16
Evaluate -19 + 61 + 0 - 35.
7
What is the value of -7 - (5 - (-11 + (7 - (-16 + 22))))?
-22
Evaluate 1 - (104 + -91 - (5 + (61 - 2))).
52
What is 2 - -75 - (2657 + -2615)?
35
Calculate 49 - (-6 + -3 - (-34 + 35)) - -16.
75
(47 - (250 - 271)) + -1 + 44
111
Calculate (-3 - 15 - (0 + 4 + -9 + -5)) + 45.
37
What is -10 + (4 - (-9 - -5)) - 8?
-10
Evaluate 2 + -19 + (30 - (272 - 184)).
-75
Calculate -8 + 11 + (16 - (-18 - -51) - 36).
-50
(46 - (64 + -90)) + -19
53
35 + -44 + -2 + (22 - 2) + (140 - 101)
48
0 - 8 - (23 - (-117 + 158))
10
What is (-7 - -57) + -375 + 346?
21
What is -1 - 4 - -1 - -15 - (419 + -368)?
-40
Calculate (1 - -15 - (-12 + 32)) + -8 + 15.
3
-49 + (10 - (66 - 92))
-13
What is the value of 131 + -121 - (61 - (-3 - (6 + -6 + 1)))?
-55
105 - 80 - (16 - (8 - 15))
2
Calculate -2 + 4 - 0 - -5 - (27 + -32).
12
What is the value of -35 + 13 + 1 + -23?
-44
-32 - -107 - 117 - (-3 + 8 + 1)
-48
What is 10333 - 10348 - (0 + -8 + -1)?
-6
What is 3 + -21 - -13 - (-18 + 55)?
-42
What is -45 - (36 + -31) - -59?
9
Evaluate 5 + (3 - 6 - ((-4 - 1) + -3)) + 1.
11
-29 + 61 + -97 - -61 - (1 - 5)
0
What is the value of 0 + 15 + 35 + 34 + -50 + -100?
-66
Evaluate 17 - (-51 - (21 + -49)).
40
What is the value of -2433 - -2458 - (76 - -4)?
-55
Evaluate -61 - (-71 - -53) - -68.
25
(383 - 440) + -5 + 7
-55
-9 + -1 + -2 + 0 + (-14 - 1 - -103)
76
(88 - (-22 - -50)) + 4
64
-139 + 0 + (4593 - 4555) + 8 + -1
-94
Evaluate 79 + (-234 - (-100 - -28)).
-83
Calculate 117 + -139 - (-2 - (-2 - 2)).
-24
What is 6 - ((16 - 10) + 1 - -108) - (5 + -8)?
-106
Evaluate (-13 - 0 - (227 - 173)) + -7 - 17.
-91
What is (5 - -14) + (6 - 18) + -54?
-47
What is 6 + 14 + (-6 - (-12 - -17)) + -2 + -2?
5
What is 8 + -13 - (0 - -32) - (-23 - (-39 - -26))?
-27
What is -28 + (-29 + -31 - -32)?
-56
-207 - -47 - -204 - (-1 + 62)
-17
(-1 - (16 - 21 - -18 - 3)) + 58
47
What is the value of (-16 - (-3 + -24)) + (2 - -2 - -2) + -7?
10
Calculate 9 + 0 - 24 - (-125 - -16).
94
What is the value of -11 - -11 - ((3 - -22) + -24)?
-1
Calculate 12 + 14 - (345 + -191).
-128
What is the value of (-22 - -4 - -13) + 8 + (6 - -4) - -77?
90
Calculate -67 + (44 - 117) + 118.
-22
Calculate 39 + (-1 - -14 - (160 - 173)).
65
What is -13 + (1 - -12 - 26) + -17?
-43
-290 - -290 - (8 + -1) - (3 - 39)
29
Calculate 60 + (-36 + -67 + 29 - -40).
26
Calculate (-13 - (13 + -16 + -6)) + 44.
40
What is the value of -2 - 32 - (-733 - -733)?
-34
What is the value of 2 + (-5 + 4 - -5 - ((-34 - -16) + 43))?
-19
Calculate (2 + -12 - 14) + -4 + -37 + 25.
-40
-7 + (25 - (8 + 3)) - (7 - (1 + -4))
-3
Calculate -2 + -15 - (56 + -121) - 2.
46
-14 - (-9 - (-67 - -11)) - (29 - 11)
-79
Calculate -53 - (33 + 5 - 76).
-15
What is the value of -3 - 7 - (-45 + 0 - (13 - -7 - 29))?
26
What is -85 - (1 + (-63 - -17))?
-40
Calculate -3 + -71 + 38 + 75.
39
Evaluate (9 - (43 - 123)) + -153.
-64
Calculate -19 + 77 + 9 + -82.
-15
Evaluate 218 - (-316 - -546) - (0 - 130).
118
21 + 11 + -25 + 13 - -22
42
Evaluate (-47 - (52 + -124)) + 2 + -78.
-51
Evaluate -8 + (16 + -1 - 0) - -45 - 22.
30
Evaluate (-2 - 128) + (10 - (-9 + -2 - (-136 - -123))).
-122
Evaluate -4389 - -4465 - (1 + -5 - (-2 + -1)).
77
What is the value of -5366 + 5373 - (1 + 87)?
-81
What is -2 - (-4 + (12 - 9)) - ((12 - 33) + 7)?
13
Calculate 15 - (-30 + 15 + (8 + 2 - 15)).
35
63 + (-14 - -15) + -15 - 13
36
What is -31 + 16 - (-780 + 842)?
-77
Calculate (6 - (-5 + (-12 - (15 - 19)) + 12)) + -70.
-63
Evaluate 9 - ((89 - 16) + -16).
-48
Calculate (-4 - (9 + 1 + -11)) + (3 - -16) + 23.
39
What is the value of -12 + (-7 - (7 - -29 - 90))?
35
What is (-30 - -85) + (2 - 98)?
-41
What is -25 - (-33 - -68 - 92)?
32
What is the value of -22 - -5 - -5 - (4 - 25 - -6)?
3
What is the value of 0 - ((-65 - -2) + (12 - ((-13 - 0) + 20)))?
58
What is the value of (63 - 64 - -9) + 29?
37
What is the value of 2 + (-24 - 6 - ((-15 - -7) + -1))?
-19
Evaluate -90 + 13 + (-19 - -44).
-52
What is the value of (-37 - (57 - 40)) + 66?
12
What is -3579 - -3481 - (-128 + 1)?
29
What is (-9 + (-2 - 1) - -6) + -27?
-33
Calculate 23 + -31 - (65 + -41).
-32
(-4 - 2) + (268 - 240 - (23 - -1))
-2
Evaluate 856 + -841 - (48 - (0 + -1 - 1)).
-35
Calculate -66 + (9 - -6) + 32 + 1.
-18
46 + -3 + (1467 - 1515)
-5
What is the value of 190 + -162 - (-42 + (7 - 1))?
64
What is 11 + (-277 + 299 - (-13 + -1)) + -16 + 3?
34
Calculate -43 + 9 + (32 - (-23 + 58)) + (0 - 6).
-43
What is the value of -2 + (-5 + 50 - -21)?
64
-18 - (-274 + 70 - -56)
130
Evaluate 397 + -372 - (-5 - (0 - -2)) - (-4 - 1).
37
What is (-36 - (-6 + -18)) + 1 - 92 - 21?
-124
Evaluate 145 - (354 - 61) - -78.
-70
Evaluate (-29 - (-156 - 6)) + (11 - 17) + -1.
126
What is -38 - (-9 + -7 - (-21 + -20))?
-63
What is the value of 2151 + -2170 - (-19 + 0)?
0
What is the value of 5 - (-5 - (-25 + -3) - 6)?
-12
Calculate 1 + 0 + 40 - (529 - 556).
68
What is (97 - 0) + (5691 - 5834)?
-46
What is the value of (-9 - (33 + -78)) + -33?
3
119 + -151 + -9 + (-7 - -14)
-34
What is -92 + 134 - 47 - -110?
105
Calculate (1 - -7) + 24 + (-8 - -16 - 16 - 8).
16
Evaluate -21 + (-8 - (-11 + (2 - (7 - 15))) - -6).
-22
Calculate -6141 + 6148 + (2 - 2) + -40.
-33
Calculate -36 - ((26 - 78) + 9).
7
-24 + 29 + (25 - (65 - -9))
-44
What is the value of 10 + -5 - -15 - (94 + -64)?
-10
What is the value of -9 + (6 - (0 + -1 + 3)) + (-338 - -325)?
-18
What is the value of -27 + -135 + 175 - (-2 + (2 - 31))?
44
Evaluate -12 - (2 + -15 - (-117 + 95)) - -9.
-12
-98 - (28 + -62) - -34
-30
What is the value of 14 + -8 + -18 + (-39 - -41) + (-73 - 1)?
-84
Evaluate (-92 - (-49 - 55)) + (0 - 148) + 1 + 4.
-131
Evaluate -3 - 44 - -33 - (-20 - 27).
33
Calculate 33 - ((-1 - (3 - (9 + -3))) + (3 - 11)).
39
What is 27 - -5 - (-5 + -12 + (12 - 20 - -34))?
23
What is 61 + -12 + -103 + 84?
30
What is 15 - (66 + 0 + 4 + 25 + -36)?
-44
-5 - (-2 + -8) - (-46 + 47)
4
Evaluate -25 + (-18 + -45 - -88).
0
Calculate -53 + 10 - (1722 + -1847).
82
What is the value of (37 - (44 - 17)) + -21 +